 Let s(j) be the third derivative of b(j). Give s(-3).
0
Let o(f) = -5*f - 13. Let c(a) = 4*a + 43. Let n(i) = 8*i + 81. Let q(l) = -11*c(l) + 6*n(l). Let s(z) = -2*o(z) - 3*q(z). Determine s(-9).
5
Let p(u) be the second derivative of -u**4/4 - 16*u**3/3 + u**2 - 268*u. Determine p(-11).
-9
Let r(y) = 133 - 236*y - 28 + 233*y. Determine r(21).
42
Suppose -24 = -4*s + 3*v - 5, 4*s - 2*v - 14 = 0. Let j(l) = 2*l**2 - s - 4*l + 3*l**2 - 4*l**2. Suppose 2*h = -5*p + 384 - 364, 0 = -5*h. What is j(p)?
-1
Let i(v) = 2*v - 22. Let l(m) = 2*m + 2. Let g(q) = -120*q - 162. Let x(w) = -2*g(w) - 108*l(w). Let o be x(-4). Determine i(o).
2
Let v(g) = -g**3 + 21*g**2 - 19*g - 15. Let o be v(20). Let y(d) = -d**3 + 7*d**2 - 5*d - 15. Give y(o).
10
Let y(j) be the third derivative of -j**5/60 - j**4/12 - j**3/3 + 64*j**2. Suppose 0 = -10*z + 494 - 534. Determine y(z).
-10
Suppose -l - 4*b = 2, -3*l + 4*b - 28 = l. Let s(u) = -31*u + 11. Let g(j) = -36*j + 12. Let z(f) = l*g(f) + 7*s(f). Calculate z(-4).
9
Let u(i) = -i**3 - 5*i**2 - 2*i + 1. Let b = 33 - 67. Let a = -29 - b. Suppose a*y + 9 = -6. Determine u(y).
-11
Let k(t) = t**2 + 7*t - 1652. Let v be k(-44). Let u(r) = -9*r - 217. Determine u(v).
-1
Let y(l) be the second derivative of l**3/2 - 1340*l. Suppose 4*v = 8 + 4. Let f be (16/24)/((-2)/v). Give y(f).
-3
Let d(k) = -3*k + 27. Let l be d(8). Let t(u) = 6 - 5*u**2 - 4*u**3 + 3*u**l - 5*u - 12 - 1. Let f be t(-4). Let r(i) = -i**2 + i - 1. Determine r(f).
-13
Let m(j) = j**3 + 3*j**2 - 29*j - 8. Suppose 0 = u - n + 111 - 100, 6*u + n + 38 = 0. Determine m(u).
-1
Let m(f) be the third derivative of -f**6/120 + f**4/24 + 13*f**3/6 + 2*f**2 - 146*f. Give m(0).
13
Let v(c) = -11*c - 8. Let g(u) = 739*u + 2220. Let j be g(-3). What is v(j)?
-41
Let q(b) be the second derivative of b**4/4 + b**3/2 + b**2 + 17*b + 30. Let s be (-1 - -1)*(2 + -1). Let t be -2 + 0/2 - s. What is q(t)?
8
Let h = 4756 + -4763. Let a(c) be the second derivative of c**3/2 + 21*c**2/2 + 19*c. Give a(h).
0
Let d(q) = q + 20. Let m be d(-17). Let c(a) = 1 - m + 9*a - 26*a + 5*a - 2. What is c(-3)?
32
Let w(y) = -y**2 - 7*y + 11. Let p be w(-8). Let v(q) = 0*q**3 - q**3 - p*q**3 - 2*q**2 + 5*q**3 - 2. Suppose 29 - 21 = 4*s. Determine v(s).
-2
Let h(n) be the second derivative of -n**4/6 - n**2 + n. Let z = 311 + -305. Suppose 2*r - 4 = 4*j, 3*r + 0*r - z = -2*j. Give h(r).
-10
Let w(j) be the first derivative of -j**3/3 + 11*j**2/2 + 2*j + 91. Suppose -27*f + 39*f = 96. What is w(f)?
26
Let x(m) = -m**2 - 3*m + 5. Let s = 30 - 27. Let o be 47*(s - 0)/(-3). Let g = o - -43. Give x(g).
1
Let b(k) = k**2 - 2 + 3*k - 3*k - 3*k. Let v be b(0). Let m(u) = 3*u. Let n(y) = 8*y + 1. Let l(w) = -6*m(w) + 3*n(w). Determine l(v).
-9
Let u be (-3)/((-3 - 0)/(-15)). Let t = u - -29. Let r = t - 10. Let k(f) = f**2 - 3*f + 5. Determine k(r).
9
Let n = 20 - 15. Suppose 5*m + 13 = 2*t, 0*t + 3*m + 45 = -n*t. Let k(r) = -2*r + 5. Determine k(t).
17
Let f(n) = -n**2 + 9*n + 22. Let p = 15241 + -15229. Give f(p).
-14
Let g(t) = t**2 + 5*t + 6. Let p = 2843 - 2846. Give g(p).
0
Let d(t) be the second derivative of t**4/24 - 95*t**2/2 + t + 3. Let l(r) be the first derivative of d(r). What is l(1)?
1
Let p(h) be the second derivative of h**4/12 - 4*h**3/3 + 3*h**2 - 4*h. Let o be 40*1 - (-4 + (-8)/(-4)). Suppose -5*x = 2*z - o, 0 = z - 4*z + 3. Give p(x).
6
Let l be 2*-4*2/16*-4. Let m(h) = -2*h - 4. Let v(z) = 5*z + 9. Let i(r) = 7*m(r) + 3*v(r). Give i(l).
3
Let b = -19694 + 19696. Let v(f) be the third derivative of f**6/40 - f**5/60 + f**4/8 - f**3/2 - f**2. What is v(b)?
23
Let z(w) be the third derivative of -7*w**6/360 + w**5/60 - 3*w**4/2 + w**3/6 + 28*w**2 + 2. Let p(m) be the second derivative of z(m). What is p(2)?
-26
Let v(r) = 31 - 3*r**3 + 2*r**3 - 14*r**2 + 110*r - 122*r - 6. Determine v(-13).
12
Let i(p) be the third derivative of -p**6/120 + p**5/30 - p**4/8 + p**3/6 + 2*p**2 + 367*p. Determine i(-4).
109
Suppose -5*p - 19 = -v, -2*v + 18 = -5*p - 0*v. Let z(x) = 4*x + 1. Let l(b) = -5*b. Let s(w) = 4*l(w) + 4*z(w). Calculate s(p).
20
Let q(o) = -2*o**2 + 7*o - 4. Suppose 4*m + 12 + 8 = 0, -399 = -y - m. Let n = y + -400. What is q(n)?
-8
Let z(u) = -44*u + 26. Let d be z(10). Let h = 416 + d. Let t(a) = -a**2 + 3*a - 3. Determine t(h).
-1
Let k(x) = 14*x**2 - 28*x + 105. Let w(z) = 4*z**2 - 9*z + 35. Let a(c) = -3*k(c) + 10*w(c). Calculate a(3).
-1
Suppose 19*x + 7*x - 104 = 0. Suppose i = -v + x, 15*v = 4*i + 18*v - 14. Let c(l) = l**3 - l**2 - 2*l + 3. Determine c(i).
3
Let w(t) = -t**3 + 9*t**2 + 2*t + 5031. Let u(g) = 2*g**3 - 17*g**2 - 5*g - 8384. Let o(f) = -3*u(f) - 5*w(f). Let h = 7 - 1. Give o(h).
27
Let t(w) = 4*w - 5. Suppose -117 = 8*p - 149. Suppose -3*m - 17 = -p*i - 1, -4*m = 0. Give t(i).
11
Let q(h) be the second derivative of h**4/3 - 2*h**3 + 21*h**2/2 - 125*h + 8. Calculate q(4).
37
Let s(o) = o**3 - 6*o**2 + o + 15. Let u = -210 + 275. Suppose -50*d + u*d - 75 = 0. What is s(d)?
-5
Let z(f) = -f**2 + 2*f - 1. Suppose 8*n = 4*n - 272. Let l be n/18 - 2/9. Let t be 1*(1 + -3) - l. Calculate z(t).
-1
Let r(s) = -43*s + 8. Let t(w) = -10*w + 2. Let g(d) = 40*d - 8. Let u(h) = -2*g(h) - 9*t(h). Let a(b) = 6*r(b) + 26*u(b). Suppose f = 2*f - 4. Give a(f).
4
Let z(l) = l**2 + 5*l. Let c be 21/((9/(-2))/(-3)). Suppose 16*p = c*p - 2. Let t be -28 + 29 - (5 + 1 - p). Give z(t).
6
Let f = -33 - 14. Let l = -21 - f. Suppose 0 = 3*q - 7*q - 12, -5*k = -2*q - l. Let o(r) = -r**3 + 4*r**2 + 3*r - 5. What is o(k)?
7
Let i(l) = l**2 + 18*l + 42. Suppose -380*f + 663 = -419*f. Give i(f).
25
Let n be 6/(-5) - (-8036)/980. Let d(l) = 4*l**2 + 8 - 3*l**2 - l**3 + 6*l**2 - 3*l. Determine d(n).
-13
Let d = -22 - -13. Let l(o) = -2*o**2 + 5*o - 6. Let n(r) = -1 + r + 749*r**2 - 369*r**2 - 379*r**2. Let j(c) = l(c) + 3*n(c). Determine j(d).
0
Let i(o) = o**2 - 2*o - 161. Let t be 20 + -15 + 0 + 9. What is i(t)?
7
Suppose -4*w + 20 = 4*f, 2*w = 8 - 0. Let y(b) = -5*b**2 - b**2 + f + 0*b**2 - b + 10*b**2. What is y(2)?
15
Let z(o) = -5*o**3 + 5*o**2 + 2*o + 7. Let x = 403 - 410. Let c(d) = -9*d**3 + 10*d**2 + 3*d + 13. Let i(g) = x*z(g) + 4*c(g). Determine i(3).
15
Let v be (-122 + 119)*(-1 + 3). Let d(l) = -7*l**3 - 17*l**2 + 6*l + 15. Let t(z) = -10*z**3 - 25*z**2 + 9*z + 22. Let c(o) = -7*d(o) + 5*t(o). Give c(v).
-13
Let t = -33903 - -33900. Let c(m) be the third derivative of 1/12*m**4 + 0*m**3 - 1/60*m**5 - 1/120*m**6 - m**2 + 0 + 0*m. Determine c(t).
12
Let h(a) = 2*a**2 + 22*a - 3. Let f be -11 + 1*(5 + -5). What is h(f)?
-3
Let b(s) be the second derivative of s**3/3 - 49*s**2/2 + 46*s. Let r be b(29). Let h(g) = r - 9*g - 4*g + 14*g. What is h(-6)?
3
Let d(k) = k**2 - 15*k - 132. Let y be d(-6). Let v(z) = -z**3 - 8*z**2 - 10*z + 12. Calculate v(y).
0
Let x(b) be the third derivative of -b**4/12 - 5*b**3/6 + 18*b**2. Let s be x(-5). Let a(m) be the third derivative of -m**4/8 + m**3/3 - 5*m**2. What is a(s)?
-13
Let h(z) = -508*z**2 - z**3 + 507*z**2 - z + 0*z. Let k(f) = -8*f**3 - 3*f**2 - 8*f + 1. Let d(t) = 6*h(t) - k(t). Determine d(2).
7
Let a be (-10)/((-140)/21) - (18/4 - -1). Let h(z) = -z**2 - z. Give h(a).
-12
Let f = 3 + -8. Let z(x) = 8*x - 22. Let h(k) = -35*k + 92. Let a(d) = 3*h(d) + 13*z(d). What is a(f)?
-5
Suppose -30*h + 26*h = -2036. Let z = h - 507. Let i(x) = 12*x - 3. Give i(z).
21
Let j(o) = -4*o**2 - 20*o + 25. Let k be j(-6). Let p(u) = 2*u + 3. Let l(v) = -8*v - 4. Let b(t) = k*l(t) + 3*p(t). Calculate b(5).
-5
Let s(v) = -v**2 + 7*v + 9. Let a be s(8). Let x be 1247/203 + (a/(-7) - 0). Let q(w) = 2 + 2*w**2 - 2 + 4*w + x*w + 7. Calculate q(-6).
19
Let r(a) = -4*a**3 + 6*a**2 - 3*a - 1. Let h(b) = 5*b + 11*b**2 - 2*b**3 - 8*b - 5*b**2 - b**3. Let t(q) = 3*h(q) - 2*r(q). Calculate t(5).
12
Let c = 1003 - 516. Suppose -k + 2461 = 5*m, -5*k - c = m - 2*m. Let v(l) = -3*l**2 + m + l**3 - 492 - 2*l. Give v(3).
-6
Let r be (-30)/4*((-145)/15 + 7). Let y(v) = -53 - 9*v**2 + 21 + r - v**3 + 8*v. Determine y(-10).
8
Let x(t) = -2*t - 13. Let h be x(-8). Suppose -5*g + 25 = -3*r, -2*r + h*r = 4*g - 13. Let d(z) = z**2 + z + 2. Determine d(g).
8
Let z(j) = -j + 11. Let t = -12 - -180. Let g = t - 156. What is z(g)?
-1
Let u(j) = -j. Let q = -471 - -475. Let 